18. Let q be t(d). What is the units digit of v(q)?
4
Let h(n) = -n**2 - 26*n - 10. Suppose -24*p = -29*p + 600. Suppose q = 7*q + p. What is the hundreds digit of h(q)?
1
Suppose k - 37849 = -5*a, -4*k - 7*a + 151228 = -8*a. What is the tens digit of k?
0
Suppose 2*f + 16*i - 13*i = 124642, -2*i - 311624 = -5*f. What is the ten thousands digit of f?
6
Suppose 0 = 2*m + 4*f - 94, 3*m - 4*f - 129 + 28 = 0. Let i = 39 - m. Suppose 5*p - 385 - 85 = i. What is the units digit of p?
4
Let n(r) = -32*r**3 - 5*r**2 - 3*r + 4. Let q be ((-4)/10)/(2/10). What is the units digit of n(q)?
6
Suppose 5*o + 3*d + 0*d = -2, -2 = -3*o - d. What is the units digit of 1400/8 + o*(1 - 0)?
7
Let i(w) = -4*w**3 - 15*w**2 - 10*w - 30. Let a be i(-23). Suppose -9179 = -54*t + a. What is the units digit of t?
8
Let g = 5835 - -1048. What is the tens digit of g?
8
Let x = -123 - -126. Suppose -3*j + 1356 = 4*f - 0*f, -3*j + 1017 = 3*f. Suppose x*c - 111 = f. What is the tens digit of c?
5
Suppose 10*k = 22*k - 153672. What is the thousands digit of k?
2
Let g(m) = m**3 + 45*m**2 - 620*m - 195. What is the hundreds digit of g(-45)?
7
Let m = -14 - -24. Let k(x) = -x**3 + 12*x**2 - 18*x - 17. Let h be k(m). Suppose 65 = -h*g + 4*g. What is the tens digit of g?
6
Let i = 31 - 30. Let u be (-45)/(-10) - (i/(-2) - 0). Suppose 224 = -3*g + u*w + 544, w = 5. What is the hundreds digit of g?
1
Suppose -6*h = 5 - 11. Let q be (-4 + 3)/(-4 - (-3)/h). What is the units digit of 28 - 2 - q/(3 - 2)?
5
Suppose -40*a + 20*a + 302478 = 13*a. What is the units digit of a?
6
Suppose 9*d = 23 + 4. Suppose -2*m + 4820 = 3*f, -2*f - d*f = m - 8038. What is the hundreds digit of f?
6
Suppose 8609473 = 337*y + 2489890. What is the ten thousands digit of y?
1
Suppose -3*j = 5*q - 1974, -3*j = -5*q - 2101 + 127. Let h = 1141 - j. What is the tens digit of h?
8
Suppose -34*l - 6*z = -30*l - 225022, -3*l + 3*z = -168744. What is the ten thousands digit of l?
5
Let w = 0 + 3. Let b(h) be the first derivative of 12*h**2 + 28*h + 1050. What is the units digit of b(w)?
0
Let j = 256 - 261. Let v(a) = -120*a + 53. What is the tens digit of v(j)?
5
Let i(p) = -421*p**3 + 12 + 8*p**2 + 422*p**3 - 11*p - 2*p + 7*p**2. What is the units digit of i(-9)?
5
Suppose 33 = -9*m + 78. Let t be (6 - m)*28*2/4. Let r = t - -27. What is the units digit of r?
1
Suppose -15*i + 311 + 409 = 0. Let c(y) = 104 + 11*y**2 - i - 5*y - 50. What is the hundreds digit of c(4)?
1
Suppose -5*k + 23 = 3*m, 3*m - 19 = -k - 3*k. Suppose n + 4*g = 2 - 4, 8 = -k*n + 2*g. What is the units digit of (1 + 0)*(6 + n)?
4
Let u(w) = -w**2 - 1. Let m(b) = -8 + 6*b**2 + 9*b - b**2 - b**2. Let c(d) = m(d) + 2*u(d). What is the units digit of c(-9)?
1
What is the units digit of 22138*(6 - (0 + 4)) - -11?
7
Let x(z) be the second derivative of -43*z**3/6 + 15*z**2/2 - 3*z - 11. What is the units digit of x(-11)?
8
What is the tens digit of (5710 - -293) + (-19 - 1)?
8
Suppose -5*n = 9*n - 10766. Suppose 1151 = 3*i + 5*s, 5*s = 7*i - 9*i + n. What is the units digit of i?
2
Let o(h) = -3*h + 10*h - 2*h + 4*h**3 + 3*h**2 + 2 - 2*h. Let v be o(-2). Let m = -10 - v. What is the tens digit of m?
1
Let o(h) = -3*h**3 - 15*h**2 + 10*h - 6. Let t = -270 + 263. What is the units digit of o(t)?
8
Let x = 6074 + -1437. What is the units digit of x?
7
Let w = 4356 + -2312. Suppose 3*h = 734 + w. What is the tens digit of h?
2
Suppose 4*u - 3*u = 3*x - 58188, 38792 = 2*x - 4*u. What is the hundreds digit of x?
3
Let p be (3/(-2))/(60/(-160)). What is the hundreds digit of (-11)/((-55)/1160) + p?
2
Suppose 67*y - 2338723 = -17*y - 287779. What is the thousands digit of y?
4
Let u = 33 - 110. Let l be 392/(-22) - (-14)/u. What is the tens digit of 2*-1*1 - (l + -16)?
3
Let q = 1101 + -3032. Let c = q - -3606. What is the hundreds digit of c?
6
Let p = 13 - -2. Suppose j + 9 = 2*n, -p - 6 = -5*n + 4*j. Suppose n*x + 3*d - 500 = -0*x, 2*x + 3*d - 200 = 0. What is the units digit of x?
0
Let s = -281 + 32. Let u = 336 + s. What is the units digit of u?
7
Suppose j = -3, 2*a + 7 = 2*j - 3*j. Let v be a - (-2)/1 - -108. Suppose 3*k - v = -3*k. What is the tens digit of k?
1
Let w = -5367 + 9470. What is the tens digit of w?
0
Let p = 25346 + 27716. What is the hundreds digit of p?
0
Suppose -2*q = q - 6. Suppose 0 = -a - q*a. Suppose 2*f - 235 = 5*u, 0 = -2*u - a*u - 6. What is the units digit of f?
0
What is the hundreds digit of (-1)/(-7) - (7 - 13/((-364)/(-472468)))?
8
What is the thousands digit of (-302)/(-604)*(116059 + 1)?
8
Suppose 3*l - 29 = -14. Suppose -110 + 90 = -l*m. Suppose -4*z - 5*w = -630, -2*z - 5*w + 312 = -m*w. What is the units digit of z?
5
Let v(c) be the first derivative of 35*c**2/2 + 88*c - 81. What is the tens digit of v(23)?
9
Let x = 14856 + -13134. What is the tens digit of x?
2
Let g = 323 - 319. Suppose g*c - 1 = 3, 509 = 2*s - c. What is the tens digit of s?
5
Let i = 114 + -66. Suppose -4*w - 4*k = -i, 2*w = k + 3*k + 12. What is the units digit of w?
0
Let y(t) = 48*t**3 - t**2 + 6*t + 7. Let o be y(-2). Let g be (-105)/6*o + (-1)/(-2). What is the tens digit of g/171 - (-2 + 20/9)?
4
Let v(w) be the third derivative of 59*w**5/20 - w**4/8 - w**3/3 - 23*w**2 - 1. What is the hundreds digit of v(-1)?
1
Let f = 110 - 210. Let x = f - -220. What is the hundreds digit of x?
1
Suppose 1107*u - 1135*u + 737240 = 0. What is the thousands digit of u?
6
Suppose -s + 7882 = 10*s + 3*s. What is the hundreds digit of s?
5
Let s = 155 - 152. Suppose -s*z + 528 = -576. What is the tens digit of z?
6
Suppose -6*s - 357 = 4*u - 3*s, 4*u + 2*s + 354 = 0. Suppose -4 - 2 = 2*o - 2*l, 0 = 5*o - 2*l + 15. What is the units digit of o + -1 - (u + 0)?
3
Suppose -16*b + 32*b - 612352 = 0. What is the thousands digit of b?
8
Suppose -16*m + 211677 + 477274 + 51833 = 0. What is the ten thousands digit of m?
4
Let i(t) = t + 13. Let p be i(7). Let y = 19 - p. Let g(j) = -115*j + 3. What is the tens digit of g(y)?
1
Let c(o) = 30*o - 28. Let d be c(3). Suppose -63*l + 6 = -d*l. Suppose 336 = -3*t + l*t + 3*g, 5*t = -g + 540. What is the tens digit of t?
0
Suppose 5*p = -i + 1608, 38*p - 9 = 41*p. What is the units digit of i?
3
Let r(k) = -18*k**2 + 9*k + 4215. What is the tens digit of r(0)?
1
Suppose 10612 = 3*w - 5741. What is the units digit of w?
1
Suppose 15*a + 264 = -9*a. Let h(b) = -46*b + 52. What is the hundreds digit of h(a)?
5
Let g(q) = -2*q**3 + 15*q**2 - 3*q - 31. Let u be g(7). What is the tens digit of 903*(4 - 7)/u?
0
Let h be (-19)/3*(1 - 4). Suppose h*u - m - 38 = 16*u, 5*m + 50 = 5*u. What is the tens digit of u?
1
Let f be -5*(-3 - -37089)/6. What is the hundreds digit of 8/2 + f/(-35)?
8
Let j(t) = t**3 - 9*t**2 + 2*t + 6. Let n = 7 + 2. Let a be j(n). Suppose -23*g + a*g - 137 = 0. What is the hundreds digit of g?
1
Let q be 0/(-2) + 9/(9/2). Let j(d) = -d**3 - 12*d - 5 + 14*d**q - 27 + 0 + 59. What is the hundreds digit of j(12)?
1
Let m(o) = -2*o**3 + 20*o**2 - o + 10. Let i be m(10). Suppose 2*h - 8*h + 348 = i. What is the units digit of h?
8
Let f = 78 + -74. Let l = f - -738. What is the hundreds digit of l?
7
Let a(o) = o**3 + 2*o**2 - 13*o + 8879. What is the hundreds digit of a(0)?
8
Let u(z) = 22*z - 61. Let c be u(4). Suppose -2*a - 40 = -5*k - 12, 0 = -k - 3*a - 8. Suppose l - 2*l - 2*t = -11, 3*l + k*t = c. What is the units digit of l?
5
What is the units digit of (134/(-2))/(11/(-77))?
9
Suppose 2*x + 81 = 5*j, 2*x = 4*j - 29 - 55. Let y = 90 + x. Suppose -3*a = -y - 45. What is the units digit of a?
9
Let h = 8646 - 3880. What is the units digit of h?
6
Let p(w) = 3*w + 12. Let n be p(-3). Suppose -4*k - 1 = -j - 5, -3*k + j = -n. What is the tens digit of 0 - -1 - ((-4)/k + -77)?
8
Suppose 7*c = 4*c + 6. What is the hundreds digit of 141*c*2/4?
1
Suppose 15183 = 15*u + 6*u. Suppose -1644 = -2*w - 4*c, 5*c + 1710 = 3*w - u. What is the hundreds digit of w?
8
Suppose -4*s + 156 = 5*l, 0*s - s - 3*l = -39. Suppose 5*u - s = 21. What is the tens digit of (-242)/(-8) + (-3)/u?
3
Let q(z) = z**2 - 10*z + 7. Let a be q(10). Suppose -a*j = -19*j + 36. What is the units digit of j*(-3)/18*-152?
6
Let q(h) = -15*h**2 + 18*h - 136. Let j be q(8). Let w = j + 2305. What is the hundreds digit of w?
3
Let h(l) = -4*l - 